{"id":201,"date":"2021-10-07T19:41:14","date_gmt":"2021-10-07T17:41:14","guid":{"rendered":"http:\/\/www.babiscloud.de\/?page_id=201"},"modified":"2021-11-20T21:54:08","modified_gmt":"2021-11-20T20:54:08","slug":"apparaduerer","status":"publish","type":"page","link":"http:\/\/www.babiscloud.de\/?page_id=201","title":{"rendered":"ApparaD\u00fcrer"},"content":{"rendered":"\n<figure class=\"wp-block-image size-large\"><img loading=\"lazy\" decoding=\"async\" width=\"1024\" height=\"1024\" src=\"http:\/\/www.babiscloud.de\/wp-content\/uploads\/2021\/11\/ApparaDu\u0308rerDIagonal-1024x1024.jpg\" alt=\"\" class=\"wp-image-480\" srcset=\"http:\/\/www.babiscloud.de\/wp-content\/uploads\/2021\/11\/ApparaDu\u0308rerDIagonal-1024x1024.jpg 1024w, http:\/\/www.babiscloud.de\/wp-content\/uploads\/2021\/11\/ApparaDu\u0308rerDIagonal-300x300.jpg 300w, http:\/\/www.babiscloud.de\/wp-content\/uploads\/2021\/11\/ApparaDu\u0308rerDIagonal-150x150.jpg 150w, http:\/\/www.babiscloud.de\/wp-content\/uploads\/2021\/11\/ApparaDu\u0308rerDIagonal-768x768.jpg 768w, http:\/\/www.babiscloud.de\/wp-content\/uploads\/2021\/11\/ApparaDu\u0308rerDIagonal.jpg 1080w\" sizes=\"auto, (max-width: 1024px) 100vw, 1024px\" \/><\/figure>\n\n\n\n<figure class=\"wp-block-gallery columns-2 is-cropped wp-block-gallery-1 is-layout-flex wp-block-gallery-is-layout-flex\"><ul class=\"blocks-gallery-grid\"><li class=\"blocks-gallery-item\"><figure><a href=\"http:\/\/www.babiscloud.de\/wp-content\/uploads\/2021\/11\/ApparaDu\u0308rerFront_m.jpg\"><img loading=\"lazy\" decoding=\"async\" width=\"500\" height=\"500\" src=\"http:\/\/www.babiscloud.de\/wp-content\/uploads\/2021\/11\/ApparaDu\u0308rerFront_m.jpg\" alt=\"\" data-id=\"483\" data-full-url=\"http:\/\/www.babiscloud.de\/wp-content\/uploads\/2021\/11\/ApparaDu\u0308rerFront_m.jpg\" data-link=\"https:\/\/www.babiscloud.de\/?attachment_id=483\" class=\"wp-image-483\" srcset=\"http:\/\/www.babiscloud.de\/wp-content\/uploads\/2021\/11\/ApparaDu\u0308rerFront_m.jpg 500w, http:\/\/www.babiscloud.de\/wp-content\/uploads\/2021\/11\/ApparaDu\u0308rerFront_m-300x300.jpg 300w, http:\/\/www.babiscloud.de\/wp-content\/uploads\/2021\/11\/ApparaDu\u0308rerFront_m-150x150.jpg 150w\" sizes=\"auto, (max-width: 500px) 100vw, 500px\" \/><\/a><\/figure><\/li><li class=\"blocks-gallery-item\"><figure><a href=\"http:\/\/www.babiscloud.de\/wp-content\/uploads\/2021\/11\/ApparaDu\u0308rerHaende_m.jpg\"><img loading=\"lazy\" decoding=\"async\" width=\"500\" height=\"500\" src=\"http:\/\/www.babiscloud.de\/wp-content\/uploads\/2021\/11\/ApparaDu\u0308rerHaende_m.jpg\" alt=\"\" data-id=\"485\" data-full-url=\"http:\/\/www.babiscloud.de\/wp-content\/uploads\/2021\/11\/ApparaDu\u0308rerHaende_m.jpg\" data-link=\"https:\/\/www.babiscloud.de\/?attachment_id=485\" class=\"wp-image-485\" srcset=\"http:\/\/www.babiscloud.de\/wp-content\/uploads\/2021\/11\/ApparaDu\u0308rerHaende_m.jpg 500w, http:\/\/www.babiscloud.de\/wp-content\/uploads\/2021\/11\/ApparaDu\u0308rerHaende_m-300x300.jpg 300w, http:\/\/www.babiscloud.de\/wp-content\/uploads\/2021\/11\/ApparaDu\u0308rerHaende_m-150x150.jpg 150w\" sizes=\"auto, (max-width: 500px) 100vw, 500px\" \/><\/a><\/figure><\/li><\/ul><\/figure>\n\n\n\n<div class=\"wp-block-columns is-layout-flex wp-container-core-columns-is-layout-9d6595d7 wp-block-columns-is-layout-flex\">\n<div class=\"wp-block-column is-layout-flow wp-block-column-is-layout-flow\">\n<p>Gebaut zu N\u00fcrnberg. Im 2012 Jahr.<br>Das Objekt ist eine Hommage an den K\u00fcnstler-Erfinder aus N\u00fcrnberg. Seine Skizze der &#8222;betenden H\u00e4nde&#8220; originalgetreu in schwarz und wei\u00df farbsepariert und durch Siebdruck auf Acrylglas wieder zusammengesetzt.<\/p>\n\n\n\n<p><a href=\"https:\/\/www.gnm.de\" target=\"_blank\" rel=\"noreferrer noopener\">@Germanisches National Museum 2021<\/a><\/p>\n<\/div>\n\n\n\n<div class=\"wp-block-column is-layout-flow wp-block-column-is-layout-flow\">\n<p>Nicht der optischen, sondern der Realit\u00e4ts-Perspektive soll diese Apparatur dienen. Das R\u00f6ntgenbild auf der unteren Ebene der Platte entspricht perspektivisch den &#8222;betenden H\u00e4nden&#8220; auf der Acrylscheibe, D\u00fcrerscheibe.<br>Das Auge des Betrachters setzt die zwei Welten zusammen, die hier nur 5cm auseinander liegen.<br>&#8222;Stell das liecht ob dem aug in die hoech auf weliche seyten du wilt, di\u00df liecht sey&#8220;, Albrecht D\u00fcrer.<\/p>\n<\/div>\n<\/div>\n","protected":false},"excerpt":{"rendered":"<div class=\"entry-summary\">\nGebaut zu N\u00fcrnberg. Im 2012 Jahr.Das Objekt ist eine Hommage an den&hellip;\n<\/div>\n<div class=\"link-more\"><a href=\"http:\/\/www.babiscloud.de\/?page_id=201\" class=\"more-link\">Continue reading<span class=\"screen-reader-text\"> &ldquo;ApparaD\u00fcrer&rdquo;<\/span>&hellip;<\/a><\/div>\n","protected":false},"author":1,"featured_media":0,"parent":162,"menu_order":0,"comment_status":"closed","ping_status":"closed","template":"page-template\/_fullwidth.php","meta":{"footnotes":""},"class_list":["post-201","page","type-page","status-publish","hentry","entry"],"_links":{"self":[{"href":"http:\/\/www.babiscloud.de\/index.php?rest_route=\/wp\/v2\/pages\/201","targetHints":{"allow":["GET"]}}],"collection":[{"href":"http:\/\/www.babiscloud.de\/index.php?rest_route=\/wp\/v2\/pages"}],"about":[{"href":"http:\/\/www.babiscloud.de\/index.php?rest_route=\/wp\/v2\/types\/page"}],"author":[{"embeddable":true,"href":"http:\/\/www.babiscloud.de\/index.php?rest_route=\/wp\/v2\/users\/1"}],"replies":[{"embeddable":true,"href":"http:\/\/www.babiscloud.de\/index.php?rest_route=%2Fwp%2Fv2%2Fcomments&post=201"}],"version-history":[{"count":9,"href":"http:\/\/www.babiscloud.de\/index.php?rest_route=\/wp\/v2\/pages\/201\/revisions"}],"predecessor-version":[{"id":554,"href":"http:\/\/www.babiscloud.de\/index.php?rest_route=\/wp\/v2\/pages\/201\/revisions\/554"}],"up":[{"embeddable":true,"href":"http:\/\/www.babiscloud.de\/index.php?rest_route=\/wp\/v2\/pages\/162"}],"wp:attachment":[{"href":"http:\/\/www.babiscloud.de\/index.php?rest_route=%2Fwp%2Fv2%2Fmedia&parent=201"}],"curies":[{"name":"wp","href":"https:\/\/api.w.org\/{rel}","templated":true}]}}

ApparaDürer

<figure class="wp-block-image size-large"><img loading="lazy" decoding="async" width="1024" height="1024" src="http://www.babiscloud.de/wp-content/uploads/2021/11/ApparaDürerDIagonal-1024x1024.jpg" alt="" class="wp-image-480" srcset="http://www.babiscloud.de/wp-content/uploads/2021/11/ApparaDürerDIagonal-1024x1024.jpg 1024w, http://www.babiscloud.de/wp-content/uploads/2021/11/ApparaDürerDIagonal-300x300.jpg 300w, http://www.babiscloud.de/wp-content/uploads/2021/11/ApparaDürerDIagonal-150x150.jpg 150w, http://www.babiscloud.de/wp-content/uploads/2021/11/ApparaDürerDIagonal-768x768.jpg 768w, http://www.babiscloud.de/wp-content/uploads/2021/11/ApparaDürerDIagonal.jpg 1080w" sizes="auto, (max-width: 1024px) 100vw, 1024px" /></figure>



<figure class="wp-block-gallery columns-2 is-cropped wp-block-gallery-1 is-layout-flex wp-block-gallery-is-layout-flex"><ul class="blocks-gallery-grid"><li class="blocks-gallery-item"><figure><a href="http://www.babiscloud.de/wp-content/uploads/2021/11/ApparaDürerFront_m.jpg"><img loading="lazy" decoding="async" width="500" height="500" src="http://www.babiscloud.de/wp-content/uploads/2021/11/ApparaDürerFront_m.jpg" alt="" data-id="483" data-full-url="http://www.babiscloud.de/wp-content/uploads/2021/11/ApparaDürerFront_m.jpg" data-link="https://www.babiscloud.de/?attachment_id=483" class="wp-image-483" srcset="http://www.babiscloud.de/wp-content/uploads/2021/11/ApparaDürerFront_m.jpg 500w, http://www.babiscloud.de/wp-content/uploads/2021/11/ApparaDürerFront_m-300x300.jpg 300w, http://www.babiscloud.de/wp-content/uploads/2021/11/ApparaDürerFront_m-150x150.jpg 150w" sizes="auto, (max-width: 500px) 100vw, 500px" /></a></figure></li><li class="blocks-gallery-item"><figure><a href="http://www.babiscloud.de/wp-content/uploads/2021/11/ApparaDürerHaende_m.jpg"><img loading="lazy" decoding="async" width="500" height="500" src="http://www.babiscloud.de/wp-content/uploads/2021/11/ApparaDürerHaende_m.jpg" alt="" data-id="485" data-full-url="http://www.babiscloud.de/wp-content/uploads/2021/11/ApparaDürerHaende_m.jpg" data-link="https://www.babiscloud.de/?attachment_id=485" class="wp-image-485" srcset="http://www.babiscloud.de/wp-content/uploads/2021/11/ApparaDürerHaende_m.jpg 500w, http://www.babiscloud.de/wp-content/uploads/2021/11/ApparaDürerHaende_m-300x300.jpg 300w, http://www.babiscloud.de/wp-content/uploads/2021/11/ApparaDürerHaende_m-150x150.jpg 150w" sizes="auto, (max-width: 500px) 100vw, 500px" /></a></figure></li></ul></figure>



<div class="wp-block-columns is-layout-flex wp-container-core-columns-is-layout-9d6595d7 wp-block-columns-is-layout-flex">
<div class="wp-block-column is-layout-flow wp-block-column-is-layout-flow">
<p>Gebaut zu Nürnberg. Im 2012 Jahr.<br>Das Objekt ist eine Hommage an den Künstler-Erfinder aus Nürnberg. Seine Skizze der &#8222;betenden Hände&#8220; originalgetreu in schwarz und weiß farbsepariert und durch Siebdruck auf Acrylglas wieder zusammengesetzt.</p>



<p><a href="https://www.gnm.de" target="_blank" rel="noreferrer noopener">@Germanisches National Museum 2021</a></p>
</div>



<div class="wp-block-column is-layout-flow wp-block-column-is-layout-flow">
<p>Nicht der optischen, sondern der Realitäts-Perspektive soll diese Apparatur dienen. Das Röntgenbild auf der unteren Ebene der Platte entspricht perspektivisch den &#8222;betenden Händen&#8220; auf der Acrylscheibe, Dürerscheibe.<br>Das Auge des Betrachters setzt die zwei Welten zusammen, die hier nur 5cm auseinander liegen.<br>&#8222;Stell das liecht ob dem aug in die hoech auf weliche seyten du wilt, diß liecht sey&#8220;, Albrecht Dürer.</p>
</div>
</div>

<div class="entry-summary">
Gebaut zu Nürnberg. Im 2012 Jahr.Das Objekt ist eine Hommage an den&hellip;
</div>
<div class="link-more"><a href="http://www.babiscloud.de/?page_id=201" class="more-link">Continue reading<span class="screen-reader-text"> &ldquo;ApparaDürer&rdquo;</span>&hellip;</a></div>
