{"id":364,"date":"2021-11-11T20:55:03","date_gmt":"2021-11-11T19:55:03","guid":{"rendered":"https:\/\/www.babiscloud.de\/?page_id=364"},"modified":"2021-11-14T12:48:12","modified_gmt":"2021-11-14T11:48:12","slug":"adidas-welle","status":"publish","type":"page","link":"http:\/\/www.babiscloud.de\/?page_id=364","title":{"rendered":"Adidas Welle"},"content":{"rendered":"\n<figure class=\"wp-block-gallery columns-2 is-cropped wp-block-gallery-1 is-layout-flex wp-block-gallery-is-layout-flex\"><ul class=\"blocks-gallery-grid\"><li class=\"blocks-gallery-item\"><figure><a href=\"http:\/\/www.babiscloud.de\/wp-content\/uploads\/2021\/11\/adidasWaveBack_m-1.jpg\"><img loading=\"lazy\" decoding=\"async\" width=\"500\" height=\"500\" src=\"http:\/\/www.babiscloud.de\/wp-content\/uploads\/2021\/11\/adidasWaveBack_m-1.jpg\" alt=\"\" data-id=\"363\" data-full-url=\"http:\/\/www.babiscloud.de\/wp-content\/uploads\/2021\/11\/adidasWaveBack_m-1.jpg\" data-link=\"https:\/\/www.babiscloud.de\/?attachment_id=363\" class=\"wp-image-363\" srcset=\"http:\/\/www.babiscloud.de\/wp-content\/uploads\/2021\/11\/adidasWaveBack_m-1.jpg 500w, http:\/\/www.babiscloud.de\/wp-content\/uploads\/2021\/11\/adidasWaveBack_m-1-300x300.jpg 300w, http:\/\/www.babiscloud.de\/wp-content\/uploads\/2021\/11\/adidasWaveBack_m-1-150x150.jpg 150w\" sizes=\"auto, (max-width: 500px) 100vw, 500px\" \/><\/a><\/figure><\/li><li class=\"blocks-gallery-item\"><figure><a href=\"http:\/\/www.babiscloud.de\/wp-content\/uploads\/2021\/11\/adidasFrontwave_m-1.jpg\"><img loading=\"lazy\" decoding=\"async\" width=\"500\" height=\"500\" src=\"http:\/\/www.babiscloud.de\/wp-content\/uploads\/2021\/11\/adidasFrontwave_m-1.jpg\" alt=\"\" data-id=\"361\" data-full-url=\"http:\/\/www.babiscloud.de\/wp-content\/uploads\/2021\/11\/adidasFrontwave_m-1.jpg\" data-link=\"https:\/\/www.babiscloud.de\/?attachment_id=361\" class=\"wp-image-361\" srcset=\"http:\/\/www.babiscloud.de\/wp-content\/uploads\/2021\/11\/adidasFrontwave_m-1.jpg 500w, http:\/\/www.babiscloud.de\/wp-content\/uploads\/2021\/11\/adidasFrontwave_m-1-300x300.jpg 300w, http:\/\/www.babiscloud.de\/wp-content\/uploads\/2021\/11\/adidasFrontwave_m-1-150x150.jpg 150w\" sizes=\"auto, (max-width: 500px) 100vw, 500px\" \/><\/a><\/figure><\/li><\/ul><figcaption class=\"blocks-gallery-caption\">adidas Headquarters Herzogenaurach 08.04.2018<\/figcaption><\/figure>\n\n\n\n<p>Die welle besteht ausschlie\u00dflich aus adidas Produkt-samples des Jahres 2016. Jede neue Idee zu Material, Design, Farbe oder Produktion ist somit teil dieser Welle. Die Sohlen stehen hier ausnahmsweise im Vordergrund. Das Gemeinsame, die Basis ist hier wichtiger als der Unterschied. Diese Welle will das Bewusstsein \u00fcber das Gemeinsame betonen, weil der Blick sich oft auf Details fokussiert und das gro\u00dfe Ganze dabei verschwindet. Das gro\u00dfe Ganze ist das was die Welt da draussen \u00fcber adidas empfindet.<\/p>\n","protected":false},"excerpt":{"rendered":"<div class=\"entry-summary\">\nDie welle besteht ausschlie\u00dflich aus adidas Produkt-samples des Jahres 2016. Jede neue&hellip;\n<\/div>\n<div class=\"link-more\"><a href=\"http:\/\/www.babiscloud.de\/?page_id=364\" class=\"more-link\">Continue reading<span class=\"screen-reader-text\"> &ldquo;Adidas Welle&rdquo;<\/span>&hellip;<\/a><\/div>\n","protected":false},"author":1,"featured_media":0,"parent":162,"menu_order":0,"comment_status":"closed","ping_status":"closed","template":"page-template\/_fullwidth.php","meta":{"footnotes":""},"class_list":["post-364","page","type-page","status-publish","hentry","entry"],"_links":{"self":[{"href":"http:\/\/www.babiscloud.de\/index.php?rest_route=\/wp\/v2\/pages\/364","targetHints":{"allow":["GET"]}}],"collection":[{"href":"http:\/\/www.babiscloud.de\/index.php?rest_route=\/wp\/v2\/pages"}],"about":[{"href":"http:\/\/www.babiscloud.de\/index.php?rest_route=\/wp\/v2\/types\/page"}],"author":[{"embeddable":true,"href":"http:\/\/www.babiscloud.de\/index.php?rest_route=\/wp\/v2\/users\/1"}],"replies":[{"embeddable":true,"href":"http:\/\/www.babiscloud.de\/index.php?rest_route=%2Fwp%2Fv2%2Fcomments&post=364"}],"version-history":[{"count":3,"href":"http:\/\/www.babiscloud.de\/index.php?rest_route=\/wp\/v2\/pages\/364\/revisions"}],"predecessor-version":[{"id":518,"href":"http:\/\/www.babiscloud.de\/index.php?rest_route=\/wp\/v2\/pages\/364\/revisions\/518"}],"up":[{"embeddable":true,"href":"http:\/\/www.babiscloud.de\/index.php?rest_route=\/wp\/v2\/pages\/162"}],"wp:attachment":[{"href":"http:\/\/www.babiscloud.de\/index.php?rest_route=%2Fwp%2Fv2%2Fmedia&parent=364"}],"curies":[{"name":"wp","href":"https:\/\/api.w.org\/{rel}","templated":true}]}}